of 45 and 1105?
5
What is the greatest common factor of 64665 and 20?
5
Calculate the greatest common divisor of 8138 and 494.
26
What is the greatest common divisor of 1676 and 1028?
4
Calculate the highest common divisor of 81 and 285930.
81
Calculate the greatest common factor of 11 and 3980999.
11
Calculate the highest common factor of 830037 and 78.
39
Calculate the highest common factor of 12687668 and 98.
98
Calculate the highest common factor of 144287 and 2717.
143
What is the greatest common divisor of 4815694 and 13?
13
Calculate the greatest common factor of 2258 and 1613341.
1129
Calculate the highest common factor of 97482 and 7623.
231
What is the greatest common factor of 8320 and 196?
4
Calculate the greatest common divisor of 2262 and 1972.
58
Calculate the highest common divisor of 34760 and 16.
8
What is the greatest common divisor of 330 and 1078110?
330
Calculate the greatest common factor of 2640 and 8624.
176
Calculate the greatest common divisor of 500 and 1830100.
100
Calculate the highest common divisor of 16153 and 2262.
29
Calculate the greatest common divisor of 5429 and 1424.
89
Calculate the greatest common factor of 1535 and 13201.
307
Calculate the highest common divisor of 715513 and 85.
17
Calculate the greatest common factor of 2256723 and 678.
339
Calculate the greatest common divisor of 4076646 and 522.
174
What is the highest common divisor of 1008048 and 48?
48
Calculate the highest common factor of 43330 and 30.
10
Calculate the greatest common factor of 148015 and 210.
35
Calculate the greatest common factor of 1160203 and 638.
319
Calculate the highest common factor of 1005 and 34371.
201
What is the greatest common divisor of 70 and 257590?
10
What is the greatest common factor of 40 and 177260?
20
What is the greatest common divisor of 2512 and 496?
16
What is the greatest common divisor of 1210 and 680746?
242
What is the greatest common factor of 3196 and 833?
17
What is the greatest common factor of 29 and 8671?
29
Calculate the highest common factor of 236640 and 435.
435
What is the greatest common divisor of 4862 and 15158?
286
Calculate the highest common factor of 15120 and 480.
240
Calculate the highest common factor of 150938 and 326.
326
Calculate the greatest common divisor of 31 and 731879.
31
Calculate the greatest common factor of 108 and 848016.
108
Calculate the greatest common factor of 199 and 2145021.
199
Calculate the greatest common factor of 34500 and 1173.
69
What is the greatest common divisor of 622163 and 6093?
677
Calculate the highest common divisor of 1224 and 67437.
9
What is the greatest common factor of 6561 and 10449?
243
Calculate the greatest common divisor of 24 and 18588.
12
What is the highest common factor of 16 and 514?
2
What is the greatest common factor of 328882 and 1734?
578
Calculate the greatest common factor of 16302 and 1196.
26
What is the highest common factor of 12247 and 1591?
37
Calculate the highest common divisor of 393 and 37859.
131
What is the greatest common divisor of 402 and 40736?
134
Calculate the highest common divisor of 11 and 12991.
11
What is the greatest common divisor of 1681500 and 900?
300
What is the highest common divisor of 700 and 381850?
350
What is the highest common factor of 158 and 1798514?
158
What is the highest common divisor of 20 and 22628?
4
Calculate the greatest common factor of 872 and 337028.
436
Calculate the highest common divisor of 32140 and 160.
20
Calculate the highest common divisor of 1020 and 7860.
60
Calculate the highest common divisor of 869931 and 163.
163
What is the greatest common factor of 49840 and 75880?
280
What is the greatest common factor of 989 and 690253?
23
What is the highest common divisor of 33440 and 931?
19
What is the greatest common divisor of 15 and 4133940?
15
What is the greatest common factor of 2205 and 7641?
9
What is the greatest common divisor of 17 and 242777?
17
What is the highest common factor of 296401 and 23?
23
What is the greatest common divisor of 24 and 3468?
12
What is the highest common factor of 23975 and 50?
25
Calculate the highest common factor of 218428 and 145.
29
Calculate the greatest common factor of 15 and 180345.
15
What is the highest common divisor of 2262 and 1682?
58
What is the greatest common divisor of 588 and 4332972?
588
Calculate the greatest common factor of 6682 and 598.
26
Calculate the highest common factor of 16483 and 106.
53
Calculate the greatest common factor of 30 and 2586.
6
Calculate the greatest common divisor of 1148 and 1732.
4
Calculate the highest common factor of 744 and 672.
24
Calculate the greatest common divisor of 513 and 21603.
57
Calculate the greatest common factor of 1090 and 42292.
218
Calculate the greatest common factor of 16 and 15632.
16
What is the highest common factor of 430 and 33368?
86
What is the greatest common divisor of 22 and 755414?
22
Calculate the greatest common divisor of 863859 and 597.
597
What is the greatest common factor of 91647 and 306?
153
What is the highest common factor of 4620 and 93870?
210
Calculate the highest common factor of 4564 and 312.
4
Calculate the greatest common factor of 143832 and 192.
24
What is the highest common divisor of 108 and 5196?
12
What is the greatest common factor of 5192 and 301608?
472
What is the greatest common divisor of 498355 and 77?
11
Calculate the highest common divisor of 7693 and 147.
49
Calculate the highest common divisor of 175 and 54.
1
Calculate the greatest common factor of 1168703 and 424.
53
What is the greatest common factor of 67 and 1577582?
67
Calculate the highest common factor of 208 and 277966.
26
Calculate the greatest common divisor of 214487 and 455.
91
What is the greatest common factor of 176 and 2704?
16
What is the greatest common divisor of 202 and 457934?
202
Calculate the greatest common divisor of 69842 and 141.
47
Calculate the highest common divisor of 8708 and 896.
28
Calculate the greatest common divisor of 1015 and 207350.
145
Calculate the highest common divisor of 1729836 and 27702.
3078
Calculate the highest common divisor of 49720 and 61924.
452
Calculate the greatest common divisor of 29755 and 440.
55
Calculate the highest common factor of 480 and 169485.
15
What is the highest common factor of 590 and 110?
10
What is the greatest common factor of 4473 and 1168092?
639
What is the highest common factor of 6902 and 174?
58
Calculate the greatest common divisor of 4926878 and 484.
242
Calculate the greatest common factor of 94 and 2594541.
47
What is the highest common divisor of 63802 and 14858?
874
What is the highest common factor of 2307 and 56137?
769
Calculate the greatest common factor of 1501 and 9861.
19
Calculate the greatest common factor of 6704 and 37152.
16
What is the greatest common divisor of 127884 and 36?
12
Calculate the greatest common factor of 21140 and 32172.
28
Calculate the greatest common divisor of 49180 and 20.
20
What is the highest common divisor of 486576 and 4905?
981
Calculate the greatest common factor of 20 and 363820.
20
What is the greatest common factor of 416 and 287157?
13
What is the greatest common factor of 37 and 2417?
1
Calculate the greatest common factor of 1280 and 100480.
640
What is the highest common divisor of 28572 and 36?
12
What is the highest common divisor of 464 and 45182?
58
What is the highest common divisor of 1386 and 9394?
154
Calculate the highest common divisor of 5896 and 176.
88
What is the greatest common factor of 55 and 24959?
11
What is the greatest common divisor of 37237 and 437?
23
Calculate the highest common divisor of 1927572 and 382.
382
Calculate the greatest common factor of 11509 and 221.
17
Calculate the highest common factor of 276684 and 4.
4
What is the greatest common factor of 3564194 and 62?
62
What is the highest common factor of 109 and 57661?
109
Calculate the highest common factor of 25283 and 193.
193
What is the greatest common factor of 1066 and 44876?
26
Calculate the highest common divisor of 228339 and 81.
81
What is the highest common factor of 2014 and 5662?
38
Calculate the highest common divisor of 6552 and 24606.
18
Calculate the greatest common factor of 314964 and 936.
468
What is the highest 